{"id":68,"date":"2016-10-27T18:32:01","date_gmt":"2016-10-27T18:32:01","guid":{"rendered":"http:\/\/31.217.196.205\/~mrqxsqrz\/oper_www\/?page_id=68"},"modified":"2018-12-15T14:19:31","modified_gmt":"2018-12-15T14:19:31","slug":"referensseja","status":"publish","type":"page","link":"https:\/\/www.operaatiotaito.fi\/oper_www\/referensseja\/","title":{"rendered":"Referenssej\u00e4"},"content":{"rendered":"<p>Olemme toimittaneet tuoteitamme sek\u00e4 tuottaneet koulutuspalvelujamme seuraaville yhteisty\u00f6kumppaneille:<\/p>\n<p><strong>Ensihoitopalvelut ja sairaalat<br \/>\n<\/strong>&#8211; FinnHEMS<br \/>\n&#8211; Etel\u00e4-Karjalan sosiaali- ja terveyspiiri EKSOTE<br \/>\n&#8211; Etel\u00e4-Savon pelastuslaitos, ensihoitopalvelut<br \/>\n&#8211; Helsingin pelastuslaitos, ensihoitopalvelut<br \/>\n&#8211; HUS Hyvink\u00e4\u00e4n sairaanhoitoalueen ensihoitopalvelut<br \/>\n&#8211; HUS Lohjan\u00a0sairaanhoitoalueen ensihoitopalvelut<br \/>\n&#8211; HUS Porvoon sairaanhoitoalueen ensihoitopalvelut<br \/>\n&#8211; HYKS ensihoito &#8211; Helsingin l\u00e4\u00e4k\u00e4riyksikk\u00f6<br \/>\n&#8211; HYKS ensihoito &#8211; l\u00e4\u00e4k\u00e4rihelikopteri<br \/>\n&#8211; It\u00e4-Uudenmaan pelastuslaitos<br \/>\n&#8211; Kanta-H\u00e4meen pelastulaitos, ensihoitopalvelut<br \/>\n&#8211; Keski-Pohjanmaan erikoissairaanhoito- ja peruspalvelukuntayhtym\u00e4<br \/>\n&#8211; Keski-Uudenmaan pelastuslaitos<br \/>\n&#8211; Kymenlaakson sairaanhoito- ja sosiaalipalvelujen kuntayhtym\u00e4 CAREA<br \/>\n&#8211; L\u00e4nsi-Pohjan sairaanhoitopiiri<br \/>\n&#8211; L\u00e4nsi-Uudenmaan pelastuslaitos<br \/>\n&#8211; Pirkanmaan sairaanhoitopiiri<br \/>\n&#8211; Pohjois-Karjalan pelastuslaitos<br \/>\n&#8211; Pohjois-Karjalan sairaanhoitopiiri<br \/>\n&#8211; Pohjois-Pohjanmaan sairaanhoitopiiri<br \/>\n&#8211; Pohjois-Savon sairaanhoitopiiri<br \/>\n&#8211; P\u00e4ij\u00e4t-H\u00e4meen sosiaali- ja terveys kuntayhtym\u00e4<br \/>\n&#8211; Satakunnan sairaanhoitopiiri<\/p>\n<p><strong>Oppilaitokset<br \/>\n<\/strong>&#8211; Ammattikorkeakoulu Arcada<br \/>\n&#8211; Helsingin ammattiopisto<br \/>\n&#8211; Kymenlaakson ammattikorkeakoulu<br \/>\n&#8211; Metropolia ammattikorkeakoulu<br \/>\n&#8211; Pelastusopisto<br \/>\n&#8211; Savonia ammattikorkeakoulu<br \/>\n&#8211; Sotilasl\u00e4\u00e4ketieteenkeskus<br \/>\n&#8211; Tampereen ammattikorkeakoulu<br \/>\n&#8211; Turun ammattikorkeakoulu<\/p>\n<p><strong>Muut toimijat<br \/>\n<\/strong>&#8211; Finavia<strong><br \/>\n<\/strong>&#8211; J5L<br \/>\n&#8211; Keravan seurakunta<br \/>\n&#8211; Medi-Heli ry<br \/>\n&#8211; Profile Vehicles<br \/>\n&#8211; Suomen Punainen Risti<br \/>\n&#8211; Verhoomo Sorsa<\/p>\n","protected":false},"excerpt":{"rendered":"<p>Olemme toimittaneet tuoteitamme sek\u00e4 tuottaneet koulutuspalvelujamme seuraaville yhteisty\u00f6kumppaneille: Ensihoitopalvelut ja sairaalat &#8211; FinnHEMS &#8211; Etel\u00e4-Karjalan sosiaali- ja terveyspiiri EKSOTE &#8211; Etel\u00e4-Savon pelastuslaitos, ensihoitopalvelut &#8211; Helsingin pelastuslaitos, ensihoitopalvelut &#8211; HUS Hyvink\u00e4\u00e4n sairaanhoitoalueen ensihoitopalvelut &#8211; HUS Lohjan\u00a0sairaanhoitoalueen ensihoitopalvelut &#8211; HUS Porvoon sairaanhoitoalueen&hellip; <\/p>\n","protected":false},"author":1,"featured_media":0,"parent":0,"menu_order":0,"comment_status":"closed","ping_status":"closed","template":"","meta":{"footnotes":""},"class_list":["post-68","page","type-page","status-publish","hentry"],"jetpack_sharing_enabled":true,"_links":{"self":[{"href":"https:\/\/www.operaatiotaito.fi\/oper_www\/wp-json\/wp\/v2\/pages\/68","targetHints":{"allow":["GET"]}}],"collection":[{"href":"https:\/\/www.operaatiotaito.fi\/oper_www\/wp-json\/wp\/v2\/pages"}],"about":[{"href":"https:\/\/www.operaatiotaito.fi\/oper_www\/wp-json\/wp\/v2\/types\/page"}],"author":[{"embeddable":true,"href":"https:\/\/www.operaatiotaito.fi\/oper_www\/wp-json\/wp\/v2\/users\/1"}],"replies":[{"embeddable":true,"href":"https:\/\/www.operaatiotaito.fi\/oper_www\/wp-json\/wp\/v2\/comments?post=68"}],"version-history":[{"count":7,"href":"https:\/\/www.operaatiotaito.fi\/oper_www\/wp-json\/wp\/v2\/pages\/68\/revisions"}],"predecessor-version":[{"id":374,"href":"https:\/\/www.operaatiotaito.fi\/oper_www\/wp-json\/wp\/v2\/pages\/68\/revisions\/374"}],"wp:attachment":[{"href":"https:\/\/www.operaatiotaito.fi\/oper_www\/wp-json\/wp\/v2\/media?parent=68"}],"curies":[{"name":"wp","href":"https:\/\/api.w.org\/{rel}","templated":true}]}}